9
What are the prime factors of (4 - (8 - 0)) + 19?
3, 5
Let f(z) = z**3 - 6*z**2 - z + 5. Let y be f(5). Let s = 39 + y. Suppose 3*u - s = -4*a, -5*u - a = -0*u - 29. List the prime factors of u.
2, 3
List the prime factors of (-1*2 - 0)/(11/(-22)).
2
Let o = -4 + 6. Suppose 0*b - o*b = 0. Let n = 3 + b. What are the prime factors of n?
3
Suppose -316 = -3*c - b, c = 5*c + 2*b - 418. List the prime factors of c.
107
Let c = -5 + 5. Suppose 3*m - 3*a - 12 = c, 2*m + 3*a + 4 - 12 = 0. Suppose 2*o = m + 4. List the prime factors of o.
2
Suppose -8 = 4*l + 4. Suppose 3*j + 5*z + 52 = 0, 0 = -j - 3*j + 5*z - 46. Let m = l - j. List the prime factors of m.
11
Let f(s) = -5*s**3 + 4*s**2 + 6*s - 3. Let j(h) = 14*h**3 - 12*h**2 - 17*h + 9. Let v(u) = 11*f(u) + 4*j(u). What are the prime factors of v(5)?
2, 3
Let s(r) = -r**3 - 9*r**2 + 9*r - 6. What are the prime factors of s(-10)?
2
Let d(j) = -56*j + 34. List the prime factors of d(-4).
2, 3, 43
Let l(r) = -r**3 - 5*r**2 + 11*r + 4. List the prime factors of l(-7).
5
Suppose 5*o - 1 + 0 = -4*v, -9 = 3*o. Suppose v*l + 30 = -l. List the prime factors of 83/9 - l/(-27).
3
Let n be (-60)/(-4) - (-1 - 1). Suppose -2*r + n = -9. List the prime factors of r.
13
Let h(b) = -2*b - 1 + 4*b + 0*b + 2*b. What are the prime factors of h(9)?
5, 7
Let v(n) = -2*n + 1. Let b be v(-1). Let f be 44/2*b/(-2). Let r = -20 - f. What are the prime factors of r?
13
Suppose 0 = -0*z + z - 9. Suppose -13*m + z*m = -176. List the prime factors of m.
2, 11
Suppose -9 = -3*t - q, -2*q = -3*t + 2*q + 9. Suppose -39 = -t*r + 3*i, -2*r = 3*r - 3*i - 57. What are the prime factors of r?
3
Suppose -25 - 47 = -4*i. Let y = -1 + i. List the prime factors of y.
17
Suppose 4*x + 5 = 5*o, -3*x + 4*o = 2*x - 5. Suppose -2*y + 11 = 5*l, -x*y - l + 14 = -2*l. Let z(f) = 2*f**2 - 4*f + 3. What are the prime factors of z(y)?
3
Let i = 14 + 12. What are the prime factors of i?
2, 13
What are the prime factors of ((-6)/8)/((-5)/360 - 0)?
2, 3
Let g = 44 + -39. List the prime factors of g.
5
Suppose -48 = 7*l - 3*l. What are the prime factors of 2/(-3) - 140/l?
11
Let k = 10 - 5. Suppose 2*d - 2*l - 7 = -d, k*l = 2*d - 12. List the prime factors of (2 - 1)*d*7.
7
Let f be 1408/55 + 2/5. Let z = -15 + f. List the prime factors of z.
11
Suppose -2*r + 278 = -248. List the prime factors of r.
263
Let k(r) = 2*r - 1. List the prime factors of k(7).
13
Let r(q) = -q**3 + 13*q**2 + 8*q - 10. What are the prime factors of r(12)?
2, 5, 23
Let k(f) = f**2 + 9*f - 8. Let o be k(-6). Let v = -16 + -2. Let j = v - o. What are the prime factors of j?
2
Suppose -4*v = -414 - 202. List the prime factors of v.
2, 7, 11
Let l(g) = -g**2 + 3*g. Let f be l(3). Let o = f + 2. Suppose y + 11 = o*y. List the prime factors of y.
11
Suppose 3*i + 2*l - 46 = 0, -2*i + 4 = -0*i - 4*l. List the prime factors of i.
2, 3
Let a(k) be the first derivative of -k**2 + 2*k + 3. Let o be a(2). List the prime factors of (o/(-3))/(10/135).
3
Let k = 8 + -6. Suppose y + 1 = k. List the prime factors of -3*(y - 2)*1.
3
Let a = -6 - -8. Suppose -1 = w - a. Suppose 5*j + w = 31. What are the prime factors of j?
2, 3
Let j = 339 - 190. What are the prime factors of j?
149
Suppose q = -q - 16. Let c be 1/(-4) + 94/q. Let t = c + 17. List the prime factors of t.
5
Let x(f) = -2*f - 3 + 2 - 1 + 7*f**2. What are the prime factors of x(2)?
2, 11
Let u = -4 + 4. Suppose 0*i + i = u. Suppose g - 10 = -i*g. List the prime factors of g.
2, 5
Suppose 0 = -3*y + 4*x + 299, 0*x - 5*x - 10 = 0. Let p be (-4 - -4)/(6/3). Suppose 5*q - y + 37 = p. What are the prime factors of q?
2, 3
Suppose 0*u + u = -2, 3*d - 5*u - 49 = 0. List the prime factors of d.
13
Let a(x) = -x**2 - 5*x - 3. Let r be a(-3). Suppose -5*i + r*y = -31, -4*y + 22 = 2*i - 2*y. What are the prime factors of i?
2
Let d(s) = -s**3 + s - 4. Let v be d(0). Let f be 1/(1 - (-2)/v). Suppose 2*n + 2*q - f = 0, 2*n + 6 - 14 = q. List the prime factors of n.
3
Let p = 50 + -13. What are the prime factors of p?
37
Suppose -62 = -t + 2. Suppose 4*l = 3*o - 26, -4*o = -l + 3*l - t. List the prime factors of o.
2, 7
Let s(u) = -u**3 + 7*u**2 - 6*u + 4. Let q be s(6). What are the prime factors of (-2)/q - (-58)/4?
2, 7
Suppose -8 - 2 = 2*r. Suppose z - 45 = -5*h, -2*h + 35 = 2*h + z. Let j = h + r. List the prime factors of j.
5
Suppose 4*c - 124 = -4*j, -4*c = 2*j + 3*j - 150. List the prime factors of j.
2, 13
Let w(y) = -40*y**2 - y - 1. Let f be w(-1). List the prime factors of (-3)/(-2*(-4)/f).
3, 5
Let n be ((-40)/15)/((-2)/3). Suppose 5*r - 80 = n*h, 5*h + 70 = 5*r + 3*h. What are the prime factors of r?
2, 3
Let p = -72 + 115. Suppose 0*m + p = 2*j + m, -5*j = -2*m - 103. What are the prime factors of j?
3, 7
Let u(d) = 3*d - d + 1 - 3*d. Let q be u(7). What are the prime factors of 164/14 + q/(-21)?
2, 3
Let j = 26 + -11. What are the prime factors of j?
3, 5
Suppose 7*x - 2*x = 595. What are the prime factors of x?
7, 17
Let k = 4 + 0. Suppose l - 2 = -k*q - 2*l, -18 = -4*q + 5*l. Suppose -12 = -q*c + 4. List the prime factors of c.
2
Let r(q) = 5*q - 2. What are the prime factors of r(3)?
13
Suppose -2*k - 2*b - b = -10, 3*b + 14 = k. What are the prime factors of k?
2
Let k be (18/(-4) + 1)*2. Let a be 4/(-14) - 2/k. Suppose -5*l = a, 3*b - 2*l = -2*b + 20. What are the prime factors of b?
2
Let w = 323 + 9. List the prime factors of w.
2, 83
Let o(a) = a**2 + 7*a - 6. Let z be o(-6). What are the prime factors of (z/(-9))/(4/18)?
2, 3
Let u(b) = -2*b + 4. Suppose 7 = -2*c - 9. Let j be u(c). List the prime factors of 3*(j/6 + 0).
2, 5
Let i(x) = 3*x**2 - 3*x + 9. What are the prime factors of i(4)?
3, 5
Suppose -o - 4*o = -195. List the prime factors of o.
3, 13
Let j = -34 + 22. Let c be (9/j)/((-1)/8). Suppose -2 = -2*s + c. List the prime factors of s.
2
Let v(h) = 0 - h**3 - 4*h - 2*h + 8*h**2 + 3. List the prime factors of v(7).
2, 5
Suppose -23 = -5*g + 82. Suppose 5*s - g = 3*a - 52, 15 = -3*s. Suppose 0 = 3*u - 2*r + 7*r - 40, 10 = a*u - 5*r. List the prime factors of u.
2, 5
Let x be (-2)/(-4)*(16 + 0). List the prime factors of x/((12/16)/3).
2
Suppose -6 = -2*q + 14. List the prime factors of q.
2, 5
Let n = -5 + 8. Let z be 0 - (0 + -6*n). What are the prime factors of (2/4)/(3/z)?
3
Suppose 0 = -y - 2*m + 37, 0*y + 5*m = -5*y + 195. List the prime factors of y.
41
Let y = 5 + -5. Let q be y + (-2)/1 + 0. List the prime factors of (-1 + 1 + -3)*q.
2, 3
Let f(t) = 11*t**2 + t - 1. Let a = 0 + 1. Let d be f(a). Let j = 21 - d. What are the prime factors of j?
2, 5
Let c(n) = -n**3 + 10*n**2 + 10*n + 19. What are the prime factors of c(10)?
7, 17
Let i be (-31)/4 + (-1)/4. Let q(t) = t**2 + 7*t - 5. What are the prime factors of q(i)?
3
List the prime factors of -17*((-1 - 6) + 4).
3, 17
Suppose -3*c + 0 + 33 = 0. Let f(l) be the first derivative of l**2 - 5*l - 1. List the prime factors of f(c).
17
Suppose -2*x + o + 0*o = -30, 5*x - 3*o - 76 = 0. What are the prime factors of x?
2, 7
What are the prime factors of (-7 + 337)*1/2?
3, 5, 11
Suppose 0 = 4*w - 45 + 1. What are the prime factors of w?
11
Let x(z) = z + z - z + 12. List the prime factors of x(-6).
2, 3
Let j be (1 - 4)*12/(-9). Suppose -j*w + 3*w = 1. Let t = 1 - w. What are the prime factors of t?
2
Suppose -471 + 99 = -3*a. List the prime factors of a.
2, 31
Let y be ((-21)/14)/(2/(-8)). Let f = y - 3. List the prime factors of f.
3
Suppose -w - 128 = -5*w. Let h = w + -17. List the prime factors of h.
3, 5
Suppose -13 = -4*a + 515. List the prime factors of a.
2, 3, 11
Let p = 6 - 2. Suppose -2*i - 2*i = p*m + 4, -5 = -2*m + 5*i. Let y(a) = a + 20. List the prime factors of y(m).
2, 5
Let t = 465 - 214. List the prime factors of t.
251
Suppose 2*n - 80 = 98. List the prime factors of n.
89
Suppose 4*p = 3*p + 3*s + 24, 2*s - 138 = -4*p. List the prime factors of p.
3, 11
Suppose -2*g - a = 2*a - 20, 0 = -2*g + 2*a + 10. Let z(j) = -2*j. Let t be z(-2). Suppose g + t = p. What are the prime factors of p?
11
Let z be -9*1*(-1 - -2). Suppose 3*y + 0*y = -18. What are the prime factors of (-58)/y + 6/z?
3
Let u(s) = -5*s**2 + 1. Let y be u(-1). Let z(r) = -r**2 - 5*r - 2. Let c be z(y). Suppose 0 = -3*b - c*b + 75. List the prime factors of b.
3, 5
Supp